k) = 6*k - 4. Let c be o(-6). What is the units digit of ((-32)/c)/(4/50)?
0
Suppose -9 = -3*l, -4*l + 27 = 3*m + l. Suppose m*z - 30 = z. What is the units digit of z?
0
What is the units digit of -4 - (-3 + -55) - -1?
5
Suppose -5*i + 4*y + 698 = 0, 5*y = -2*i + 6*i - 562. What is the hundreds digit of i?
1
Let h = -9 + 4. Let g = 8 + h. What is the units digit of g?
3
Let t(z) = 6*z + 29. What is the tens digit of t(12)?
0
Suppose 0 = -4*n + 2*n + 30. What is the tens digit of n?
1
Suppose -4*x - 2*n = 0, -4*x + 4*n = x. Suppose 0 = -5*q - 3 + 18. Suppose x*z - 3 = -q*z. What is the units digit of z?
1
Let r(u) = -u**3 + 5*u**2. Let g be r(5). Suppose g*n = -3*n + 33. What is the units digit of n?
1
Let m(u) = 7*u**2 + 26*u + 15. What is the tens digit of m(-8)?
5
Let b(a) = a. Let f be b(2). Suppose -3*p = -f*p - 1. What is the units digit of p?
1
Let y(k) = -2*k**3 - k**3 - 1 + 3*k + 2*k**3 - k**2. Let w(x) = x**2 - 3. Let m be w(0). What is the units digit of y(m)?
8
Let f = -22 + 12. What is the units digit of 208/6 - f/30?
5
Let p be 7/1 - (2 - 0). Suppose -p*w + 90 = -0*w. Let u = -11 + w. What is the units digit of u?
7
What is the units digit of (-4)/22 + 356/22?
6
Let u be (232/(-20))/((-2)/(-10)). Let x = -41 - u. What is the units digit of x?
7
Let t = -1 + 4. What is the units digit of 33/2 - t/6?
6
Suppose 0 = 5*f - 3*i - 225, f - 45 + 0 = 3*i. Let g = f + -29. What is the tens digit of g?
1
What is the tens digit of ((-3)/2 + 1)*-78 - 3?
3
Suppose j + 2*j + 2*u - 383 = 0, 0 = j + 3*u - 130. Let z = 235 - j. What is the units digit of (-2)/(-3)*z/8?
9
Let m(a) = -a**3 + a**2 + a + 34. What is the units digit of m(0)?
4
Let m(u) = u**3 - 4*u**2 - 2*u + 3. What is the hundreds digit of m(7)?
1
Let v(j) = -j + 13. Let t be v(9). Suppose -h - 3*w = 5, w = -t*h + 4 + 20. What is the units digit of h?
7
Suppose -2*n = 5*d - 92 - 45, n + 134 = 5*d. What is the units digit of d?
7
Suppose 31 = 3*t + 304. Let k = -56 - t. Let z = -24 + k. What is the tens digit of z?
1
What is the units digit of 3 - (-4 - -2) - 0?
5
Suppose 5*y - i + 3*i = 13, 5*i - 15 = 5*y. What is the units digit of y?
1
Suppose r = 4*q - 36, -2*q = -0*q + 4*r. What is the units digit of q?
8
Let k = 17 + 12. What is the tens digit of k?
2
Let x(z) be the third derivative of -z**6/120 - z**5/15 - 5*z**4/24 - 5*z**3/6 + 4*z**2. What is the units digit of x(-4)?
5
Suppose -2*n - p + 139 = -0*p, 5*p + 86 = n. What is the units digit of n?
1
Suppose -2*n + 4*a = -131 - 31, 5*n - 420 = -5*a. Suppose 3*j + 15 = -4*w + n, -4*w + 28 = j. What is the tens digit of j?
2
Suppose 5*d + t - 338 = 2*d, 354 = 3*d - 3*t. What is the units digit of d?
4
Suppose 4*l + 4*p = 116, -7*p = -3*p + 16. What is the tens digit of l?
3
Let q = -4 - -6. Suppose -4*v - 5*t = -88, 0 = -q*v + 4*t - 9*t + 34. What is the tens digit of v?
2
Suppose 0*g - 4*g + 8 = 0. Suppose 0 = -3*o + g*o. Suppose o = 3*t + 6, -l + 2*t = -9 - 8. What is the tens digit of l?
1
Let h = -28 - -32. Let b be 1/(-2) - 66/(-4). Suppose -h*q + 12 = -b. What is the units digit of q?
7
Let u(t) = -3 + 2*t + 4*t - 2*t - 3*t. What is the units digit of u(5)?
2
Let h(n) = n**3 + 3*n**2 - 4*n - 1. Let t be h(3). Suppose 5*s = 3*p - t, 4*s + 0*s = 4*p - 44. What is the units digit of p?
7
Let z(i) = 2*i**2 - 3*i + 1. What is the units digit of z(5)?
6
Let i(g) = g**3 - 15*g + 10. What is the units digit of i(6)?
6
Let o(p) = 6*p + 7. What is the tens digit of o(19)?
2
Suppose 3*c = 250 + 398. What is the units digit of c?
6
Let d(i) = -4*i + 21. What is the tens digit of d(-16)?
8
Suppose 5*g - 148 = 27. What is the units digit of g?
5
Let c = 113 - 63. What is the units digit of c?
0
Let t(n) = -n**2 - 24*n - 24. What is the units digit of t(-11)?
9
Suppose 3*d - 6*d + 6 = 0. Suppose -3*i - d*f + 6 = f, -12 = -2*i + 2*f. Let w = i - 3. What is the units digit of w?
1
Let x be -2 + 2 + 0 + 4. Let q = x + 1. What is the units digit of q/(15/6) - -2?
4
Suppose -r + 3 = 1. Let i be (-2)/(-1) - (r - 0). Suppose -2*m = -0*y + y - 22, i = 3*y + 4*m - 56. What is the tens digit of y?
1
Let v = 66 + -28. What is the tens digit of v?
3
Let d(x) = x + 13. Suppose 19 = 5*o - 26. What is the tens digit of d(o)?
2
Let y = 9 + -7. Suppose -y*t + 3*t = 18. What is the tens digit of t?
1
Let p(x) = -x**2 - 11*x + 3. Let g be p(-5). Suppose -3 - g = -4*f - 4*o, -4*f = 3*o - 41. What is the units digit of ((-12)/f)/((-2)/14)?
6
Let q(t) = -7*t**2 + 2*t + 11. Let s(u) = 11*u**2 - 3*u - 17. Let g(v) = -8*q(v) - 5*s(v). What is the tens digit of g(6)?
2
Suppose -3*h = -5*h + 10. Suppose t + 2*u - 12 = -0*t, 4*u - 78 = -h*t. What is the units digit of t?
8
Suppose 4*c + 2*v = 431 + 309, 0 = -5*c - 5*v + 930. What is the hundreds digit of c?
1
Let s = -23 - -15. Let b = 12 + s. What is the units digit of b?
4
Let a(s) = -s**2 - 10*s + 14. Let x be a(-11). What is the tens digit of x + 8 + (2 - 1)?
1
Let z(t) = t**3 - 7*t**2 + 2*t - 9. Let b be z(7). Let s be 2/2*(0 + b). Suppose s*i = 51 + 9. What is the tens digit of i?
1
What is the units digit of -2*-1*(65/2 + -2)?
1
Suppose 0 = 5*r - 2*r - 15, 4*g + 20 = 4*r. Suppose g*s + 18 = 3*s. What is the units digit of s?
6
Suppose 15*r = 7*r + 456. What is the tens digit of r?
5
Let v = 6 - 6. Suppose v = 5*d - 12 - 3. What is the units digit of d?
3
Let c be -4 + (4 - 2) + 4. Suppose -3*k - 36 = -4*f + k, -k = -5*f + 29. Suppose -3 = c*h - f. What is the units digit of h?
1
Let f be 2/(-2)*-2 + 1. Let i = f + -1. Suppose i*z - 6 = z. What is the units digit of z?
6
Suppose 0 = -21*p + 17*p + 208. What is the units digit of p?
2
Let t = 140 + -86. Suppose -3*k - 10 = -3*p + 20, 3*p + 3*k = t. Let r = p + -7. What is the units digit of r?
7
Let c(u) = -u + 1. Let n = 4 - 8. What is the units digit of c(n)?
5
Suppose 5*f - 49 - 271 = 0. What is the units digit of -4*4/(f/(-60))?
5
Suppose 5 = -2*c + 7*c. Suppose -4*q + 5*n = 2*n - 7, 3*n = -2*q - c. What is the units digit of q?
1
Suppose 3*f = -4*q + 6, 3*q = -2*f - 3 + 6. Suppose 6*y - f = 3*y. What is the units digit of y?
2
Let p be (-173)/2 - (-3)/2. Let g = p + 131. What is the units digit of g?
6
Suppose 0 = -a + 5*a - 68. What is the units digit of a?
7
Suppose 188 = 2*c + 54. Let n = -47 + c. What is the units digit of (-12)/(-10)*n/3?
8
Let i = -83 - -171. What is the tens digit of i?
8
Suppose 0 = -3*x - 2*c - 19, -3*c - c = -5*x + 5. Let r = x - -7. Suppose i + 2 = r. What is the units digit of i?
2
Suppose 6 = 2*d - 12. Let f be (-6)/d + (-28)/(-6). Let i = f - 3. What is the units digit of i?
1
Let q be -2 + 0 - (-406)/(-7). What is the units digit of (q/9)/((-4)/6)?
0
Let a = -11 - -17. Let k = a + -2. What is the units digit of 6/4 + k/(-8)?
1
Suppose 7*x = 4 + 3. What is the units digit of x?
1
Let w(v) = -v**3 - v**2 - v + 100. What is the tens digit of w(0)?
0
What is the units digit of 2/(-5)*(-10)/4?
1
Let v(x) = -x + 1. Let r be v(-3). Let t = r + -3. Let o = 2 - t. What is the units digit of o?
1
What is the units digit of 596/10 + 39/(-65)?
9
Let t = 11 - -8. Suppose 0 = n - 4*j - 30, 0 = 3*n - j + t - 65. What is the units digit of n?
4
Let u(i) = 28*i + 18. What is the hundreds digit of u(6)?
1
Let b(d) = -d**3 + 7*d**2 - 5*d - 6. Let n be b(6). Suppose n - 8 = w. Let f = w - -13. What is the units digit of f?
5
Suppose -l = 3*l + 4. Let u = l - -11. What is the units digit of u?
0
Let s(b) = 4*b**3 + b**2 - b + 1. Suppose 0 = 5*r - 2*r - 6, -2*o - 4*r + 10 = 0. Let a be s(o). Suppose -a*c + 6*c - 7 = 0. What is the units digit of c?
7
Suppose -h = -6*h. Suppose h = 3*w - 5*v - 22, -w = -2*w + 4*v + 12. What is the units digit of w?
4
Let n(z) = z**2 + 4*z. Let y be n(-8). Suppose 4*o - 8*o + y = 0. Suppose c + o*b = 3*b + 24, -4*b = -12. What is the units digit of c?
9
Suppose 4*d + 0 = -b - 1, 4*b = -d + 56. Suppose -h = -0*h. Suppose p = -h*p + b. What is the tens digit of p?
1
Let y = -40 + 78. What is the units digit of y?
8
Let p = 13 - 19. What is the units digit of ((-3)/p)/(1/4)?
2
Let w(q) = 4*q**3 - 7*q**2 - 7*q - 2. Let s(v) = -7*v**3 + 13*v**2 + 13*v + 3. Let j(z) = -3*s(z) - 5*w(z). What is the units digit of j(5)?
6
Suppose 0*h + h = 0. Suppose h = 6*d - 5*d - 17. What is the tens digit of d?
1
Let h(i) = 2 + 0*i 